by 417?
21
What is the remainder when 133604 is divided by 1536?
1508
What is the remainder when 22391 is divided by 1570?
411
What is the remainder when 50029 is divided by 10?
9
What is the remainder when 31562 is divided by 91?
76
What is the remainder when 727 is divided by 714?
13
What is the remainder when 24821 is divided by 188?
5
What is the remainder when 18412 is divided by 2840?
1372
What is the remainder when 6928 is divided by 29?
26
What is the remainder when 3079 is divided by 870?
469
What is the remainder when 4957 is divided by 550?
7
Calculate the remainder when 1613741 is divided by 327.
323
Calculate the remainder when 33085 is divided by 96.
61
Calculate the remainder when 5381 is divided by 193.
170
Calculate the remainder when 663510 is divided by 221146.
72
Calculate the remainder when 15246 is divided by 635.
6
Calculate the remainder when 225 is divided by 101.
23
What is the remainder when 372412 is divided by 176?
172
Calculate the remainder when 12636 is divided by 4202.
30
Calculate the remainder when 1644226 is divided by 283.
279
What is the remainder when 72927 is divided by 165?
162
Calculate the remainder when 4028 is divided by 3751.
277
What is the remainder when 16150 is divided by 31?
30
What is the remainder when 18535 is divided by 56?
55
What is the remainder when 202624 is divided by 27?
16
What is the remainder when 55953 is divided by 155?
153
What is the remainder when 192889 is divided by 24107?
33
What is the remainder when 40483 is divided by 10120?
3
What is the remainder when 54073 is divided by 26?
19
What is the remainder when 134959 is divided by 67465?
29
What is the remainder when 4282 is divided by 917?
614
Calculate the remainder when 5436499 is divided by 21.
19
Calculate the remainder when 10851 is divided by 1280.
611
What is the remainder when 337244 is divided by 43?
38
Calculate the remainder when 3739 is divided by 43.
41
Calculate the remainder when 15947 is divided by 265.
47
What is the remainder when 1266 is divided by 37?
8
What is the remainder when 80861 is divided by 217?
137
What is the remainder when 2753 is divided by 205?
88
What is the remainder when 109715 is divided by 216?
203
What is the remainder when 130898 is divided by 1350?
1298
What is the remainder when 55736 is divided by 342?
332
Calculate the remainder when 75948 is divided by 16.
12
Calculate the remainder when 3247 is divided by 2913.
334
Calculate the remainder when 5804 is divided by 66.
62
What is the remainder when 4709 is divided by 3810?
899
Calculate the remainder when 39748 is divided by 1477.
1346
What is the remainder when 3129758 is divided by 160?
158
Calculate the remainder when 5421 is divided by 1778.
87
What is the remainder when 76741 is divided by 38363?
15
Calculate the remainder when 97007 is divided by 258.
257
Calculate the remainder when 1367 is divided by 43.
34
What is the remainder when 24487 is divided by 92?
15
Calculate the remainder when 7942 is divided by 45.
22
Calculate the remainder when 250 is divided by 30.
10
Calculate the remainder when 50415 is divided by 5600.
15
What is the remainder when 41279 is divided by 6879?
5
Calculate the remainder when 228702 is divided by 237.
234
What is the remainder when 2812 is divided by 88?
84
What is the remainder when 43073 is divided by 121?
118
What is the remainder when 10165 is divided by 1411?
288
What is the remainder when 1301 is divided by 429?
14
What is the remainder when 21714 is divided by 905?
899
What is the remainder when 3951 is divided by 558?
45
What is the remainder when 484405 is divided by 97?
84
Calculate the remainder when 16825 is divided by 8229.
367
Calculate the remainder when 10307 is divided by 2043.
92
What is the remainder when 3922 is divided by 1542?
838
What is the remainder when 16008 is divided by 22?
14
Calculate the remainder when 59094 is divided by 24.
6
What is the remainder when 8547 is divided by 553?
252
What is the remainder when 41116 is divided by 89?
87
Calculate the remainder when 1550028 is divided by 2089.
2079
Calculate the remainder when 36051 is divided by 1126.
19
What is the remainder when 2468 is divided by 2468?
0
Calculate the remainder when 114608 is divided by 371.
340
What is the remainder when 103830 is divided by 637?
636
What is the remainder when 211925 is divided by 24?
5
What is the remainder when 424862 is divided by 75?
62
Calculate the remainder when 44695 is divided by 506.
167
What is the remainder when 270811 is divided by 107?
101
What is the remainder when 6771 is divided by 55?
6
Calculate the remainder when 15858 is divided by 7883.
92
What is the remainder when 73889 is divided by 36917?
55
Calculate the remainder when 26152 is divided by 556.
20
Calculate the remainder when 21331 is divided by 285.
241
Calculate the remainder when 6263 is divided by 319.
202
Calculate the remainder when 1079239 is divided by 12.
7
Calculate the remainder when 218157 is divided by 80.
77
Calculate the remainder when 35 is divided by 3.
2
What is the remainder when 121878 is divided by 261?
252
What is the remainder when 11805 is divided by 5333?
1139
Calculate the remainder when 5683 is divided by 381.
349
Calculate the remainder when 1046 is divided by 14.
10
Calculate the remainder when 2884 is divided by 1546.
1338
What is the remainder when 53731 is divided by 41?
21
What is the remainder when 32768 is divided by 34?
26
What is the remainder when 272371 is divided by 127?
83
What is the remainder when 1980087 is divided by 22?
21
Calculate the remainder when 33906 is divided by 134.
4
What is the remainder when 3585559 is divided by 21?
19
Calculate the remainder when 1393 is divided by 53.
15
What is the remainder when 8186 is divided by 1166?
24
Calculate the remainder when 1281945 is divided by 640971.
3
What is the remainder when 14094 is divided by 63?
45
What is the remainder when 6436 is divided by 47?
44
Calculate the remainder when 11900 is divided by 561.
119
Calculate the remainder when 12332 is divided by 601.
312
Calculate the remainder when 2162917 is divided by 184.
181
Calculate the remainder when 839664 is divided by 19.
16
Calculate the remainder when 5798 is divided by 29.
27
What is the remainder when 68496 is divided by 4885?
106
What is the remainder when 7024 is divided by 293?
285
What is the remainder when 20670 is divided by 246?
6
Calculate the remainder when 48901 is divided by 105.
76
What is the remainder when 24037 is divided by 437?
2
Calculate the remainder when 176555 is divided by 5.
0
What is the remainder when 3055 is divided by 756?
31
Calculate the remainder when 74542 is divided by 6210.
22
What is the remainder when 2531 is divided by 80?
51
Calculate the remainder when 15352 is divided by 187.
18
Calculate the remainder when 2842 is divided by 466.
46
Calculate the remainder when 116701 is divided by 8.
5
What is the remainder when 4269 is divided by 30?
9
Calculate the remainder when 94268 is divided by 419.
412
Calculate the remainder when 29490 is divided by 9.
6
What is the remainder when 613864 is divided by 66?
64
Calculate the remainder when 258650 is divided by 274.
268
What is the remainder when 140233 is divided by 28046?
3
What is the remainder when 7609 is divided by 426?
367
What is the remainder when 6341 is divided by 13?
10
What is the remainder when 828737 is divided by 894?
893
Calculate the remainder when 62369 is divided by 124.
121
What is the remainder when 5321 is divided by 52?
17
Calculate the remainder when 158848 is divided by 150.
148
What is the remainder when 552 is divided by 478?
74
Calculate the remainder when 2140 is divided by 85.
15
What is the remainder when 140986 is divided by 32?
26
Calculate the remainder when 277924 is divided by 17.
8
Calculate the remainder when 71671 is divided by 22.
17
What is the remainder when 14439 is divided by 87?
84
What is the remainder when 27758 is divided by 391?
388
Calculate the remainder when 1410366 is divided by 64.
62
What is the remainder when 2404 is divided by 299?
12
What is the remainder when 69885 is divided by 27?
9
Calculate the remainder when 13980 is divided by 13975.
5
What is the remainder when 407853 is divided by 27190?
3